 the hundreds digit of 102691716?
7
What is the hundred thousands digit of 299340554?
3
What is the ten thousands digit of 279234414?
3
What is the hundred thousands digit of 1003445888?
4
What is the hundred thousands digit of 387413836?
4
What is the ten millions digit of 47220490?
4
What is the ten thousands digit of 548376787?
7
What is the hundreds digit of 4180660070?
0
What is the ten thousands digit of 3434251090?
5
What is the hundred millions digit of 551081215?
5
What is the hundreds digit of 33339343?
3
What is the hundreds digit of 132887024?
0
What is the hundred thousands digit of 270812657?
8
What is the hundred thousands digit of 129165023?
1
What is the ten thousands digit of 763879670?
7
What is the hundred millions digit of 1814016360?
8
What is the hundred thousands digit of 19032493?
0
What is the ten thousands digit of 56301202?
0
What is the hundreds digit of 77555051?
0
What is the hundreds digit of 148777790?
7
What is the thousands digit of 66110755?
0
What is the units digit of 863447953?
3
What is the hundred thousands digit of 6440120?
4
What is the thousands digit of 386826429?
6
What is the millions digit of 5921334265?
1
What is the hundred millions digit of 817441389?
8
What is the hundred thousands digit of 1461544730?
5
What is the millions digit of 9970537?
9
What is the thousands digit of 22972385?
2
What is the tens digit of 218353862?
6
What is the hundreds digit of 427852425?
4
What is the billions digit of 4242050235?
4
What is the thousands digit of 964515326?
5
What is the tens digit of 4180901011?
1
What is the tens digit of 15696926?
2
What is the ten millions digit of 89424100?
8
What is the hundreds digit of 28562545?
5
What is the hundred thousands digit of 44386509?
3
What is the millions digit of 1255825560?
5
What is the units digit of 480280430?
0
What is the hundred millions digit of 4300377601?
3
What is the hundred thousands digit of 144506670?
5
What is the hundreds digit of 778569167?
1
What is the hundreds digit of 139165223?
2
What is the units digit of 9143480?
0
What is the hundred thousands digit of 278009604?
0
What is the tens digit of 293147339?
3
What is the hundred thousands digit of 4825333343?
3
What is the hundreds digit of 515808835?
8
What is the ten thousands digit of 256806983?
0
What is the ten millions digit of 612307597?
1
What is the ten millions digit of 1646814435?
4
What is the hundred millions digit of 8770024502?
7
What is the ten millions digit of 2176032944?
7
What is the hundred thousands digit of 88143372?
1
What is the millions digit of 124293105?
4
What is the ten thousands digit of 374620617?
2
What is the hundred thousands digit of 525250028?
2
What is the millions digit of 79010383?
9
What is the ten millions digit of 36976222?
3
What is the ten thousands digit of 248600332?
0
What is the units digit of 5152852?
2
What is the tens digit of 1273718286?
8
What is the thousands digit of 46350034?
0
What is the millions digit of 544594870?
4
What is the ten millions digit of 1708483790?
0
What is the tens digit of 2596571421?
2
What is the hundred thousands digit of 532826322?
8
What is the tens digit of 4764868570?
7
What is the millions digit of 962384496?
2
What is the millions digit of 796180453?
6
What is the hundred thousands digit of 119058999?
0
What is the billions digit of 1199224380?
1
What is the hundred thousands digit of 1365062203?
0
What is the hundred thousands digit of 109389233?
3
What is the ten millions digit of 4612695443?
1
What is the tens digit of 1390988767?
6
What is the thousands digit of 1239109316?
9
What is the ten thousands digit of 115551917?
5
What is the ten thousands digit of 208465348?
6
What is the thousands digit of 152374053?
4
What is the units digit of 433571903?
3
What is the thousands digit of 506879809?
9
What is the millions digit of 2792504230?
2
What is the ten millions digit of 49827473?
4
What is the hundreds digit of 3440016414?
4
What is the millions digit of 506798518?
6
What is the ten thousands digit of 2460280181?
8
What is the hundred millions digit of 1604813266?
6
What is the units digit of 129019379?
9
What is the thousands digit of 3507778312?
8
What is the ten thousands digit of 2511011560?
1
What is the millions digit of 4026947?
4
What is the millions digit of 5446319?
5
What is the tens digit of 296362162?
6
What is the thousands digit of 238422301?
2
What is the hundred thousands digit of 39035165?
0
What is the units digit of 53303565?
5
What is the tens digit of 7789851369?
6
What is the thousands digit of 22437599?
7
What is the ten millions digit of 35337270?
3
What is the ten millions digit of 175725315?
7
What is the ten millions digit of 292064399?
9
What is the tens digit of 31249605?
0
What is the hundreds digit of 66361052?
0
What is the ten millions digit of 1189343830?
8
What is the millions digit of 17316551?
7
What is the billions digit of 2626640975?
2
What is the hundreds digit of 195261859?
8
What is the thousands digit of 20395977?
5
What is the millions digit of 27276111?
7
What is the thousands digit of 78574453?
4
What is the hundreds digit of 58969533?
5
What is the ten thousands digit of 2564188489?
8
What is the ten millions digit of 2013620018?
1
What is the hundred thousands digit of 20741254?
7
What is the hundreds digit of 551690312?
3
What is the ten millions digit of 1792893228?
9
What is the ten thousands digit of 5898217550?
1
What is the units digit of 49045635?
5
What is the thousands digit of 299803171?
3
What is the tens digit of 39558403?
0
What is the units digit of 3326729836?
6
What is the ten thousands digit of 49168968?
6
What is the ten millions digit of 197566797?
9
What is the ten thousands digit of 295877640?
7
What is the millions digit of 300705570?
0
What is the ten millions digit of 2458817811?
5
What is the ten thousands digit of 380536295?
3
What is the tens digit of 1208144074?
7
What is the thousands digit of 67705536?
5
What is the tens digit of 10850400?
0
What is the millions digit of 100969738?
0
What is the millions digit of 589324935?
9
What is the hundreds digit of 2335464791?
7
What is the ten millions digit of 120081688?
2
What is the thousands digit of 45944239?
4
What is the units digit of 27901557?
7
What is the ten millions digit of 903817635?
0
What is the tens digit of 397620117?
1
What is the thousands digit of 13685492?
5
What is the ten millions digit of 45655965?
4
What is the hundred millions digit of 132869577?
1
What is the ten millions digit of 55813428?
5
What is the units digit of 374657075?
5
What is the units digit of 45714195?
5
What is the hundred millions digit of 209373536?
2
What is the thousands digit of 65974313?
4
What is the units digit of 96050603?
3
What is the units digit of 1547116011?
1
What is the ten millions digit of 65853807?
6
What is the ten millions digit of 275035926?
7
What is the ten millions digit of 1407272593?
0
What is the hundred millions digit of 653576762?
6
What is the hundred thousands digit of 65740414?
7
What is the units digit of 296977097?
7
What is the ten millions digit of 2822757670?
2
What is the hundred thousands digit of 441254269?
2
What is the tens digit of 258353293?
9
What is the hundred thousands digit of 11666194?
6
What is the hundred thousands digit of 1419626517?
6
What is the thousands digit of 35700739?
0
What is the units digit of 6857654?
4
What is the tens digit of 143934753?
5
What is the thousands digit of 83840568?
0
What is the ten millions digit of 578079190?
7
What is the millions digit of 16461918?
6
What is the billions digit of 4770060917?
4
What is the tens digit of 48744448?
4
What is the ten thousands digit of 74047046?
4
What is the hundred thousands digit of 1055700682?
7
What is the hundreds digit of 2455545618?
6
What is the hundred thousands digit of 76915803?
9
What is the hundred thousands digit of 5735155?
7
What is the hundreds digit of 2657744587?
5
What is the ten thousands digit of 1599089901?
8
What is the millions digit of 35142940?
5
What is the hundred millions digit of 176750333?
1
What is the tens digit of 61527316?
1
What is the tens digit of 143611314?
1
What is the hundreds digit of 33056443?
4
What is the tens digit o